 a**5/10 + a**4/24 + 4*a**3/3 + a**2. Calculate y(j).
2
Let q(h) = -3*h**2 - 2*h + 3. Suppose 3*o = -13*f + 15*f - 3, 0 = 2*o - 2. What is q(f)?
-30
Let d be (-14)/(-24)*(-58)/203*-12. Let u(j) = -2*j + j + 4 + d*j - 14 - 5. What is u(7)?
-8
Let o(i) be the second derivative of 3*i**3/2 - 33*i**2 - 245*i - 2. Calculate o(8).
6
Let k = -123 + 133. Let c be (-25)/k*(0 + -2) + -2. Let v(r) = -9*r - 3 + 4 + 2*r - r. Give v(c).
-23
Let u(f) be the first derivative of 18 + f + 9/2*f**2. Determine u(-1).
-8
Let r(t) = 502 + 278 - 794 + 11*t. What is r(7)?
63
Let s = 454 - 450. Let r(i) = -3*i + 0*i + 1 - 5*i**2 + s*i + 0*i + 4*i**2. What is r(-2)?
-5
Suppose 10*f - 14*f = -92. Suppose -4*h + 2*x + f = -h, 0 = -5*h - 3*x + 13. Let y(k) = -k + 6. Determine y(h).
1
Let x(u) be the second derivative of -u**5/20 + 5*u**4/12 - u**3/2 - 5*u**2/2 + u + 9315. Let h = 2 - -3. Calculate x(h).
-20
Suppose 5101*q - 5123*q = 88. Let o(h) = -h**3 - 3*h**2 - 8*h - 7. Give o(q).
41
Suppose -2*h + 39 = 35. Let f(z) = z + 0 - 10*z - 1 + h. Suppose -3*q - 3 = -6. What is f(q)?
-8
Let m be (-15)/2 - (35/10 - 5). Let i(p) = -p**2 - 8*p + 13. Let a be i(-10). Let j(h) = 6*h + 5. Let y(c) = -5*c - 4. Let o(f) = a*y(f) - 6*j(f). What is o(m)?
4
Let l(n) = 7*n - 89. Let o be l(11). Let w = -64 + 79. Let j(h) = -h + h**2 + w*h - 2*h + 2*h + 14. Calculate j(o).
-10
Let t(j) = j**3 + 6*j**2 + 4*j - 4. Let h(i) = 8*i**3 + 6 + 0*i**3 - 7*i**3 - 2*i**3. Let v be h(0). Let n be 3/((-45)/v) + (-46)/10. Calculate t(n).
1
Suppose 0*i - 3*i = 21. Let l(d) = -d**2 - 9*d - 1. Let y(v) = -2*v**2 - 19*v. Suppose -13*g = -2*g - 55. Let n(p) = g*l(p) - 2*y(p). Calculate n(i).
-5
Suppose 2*l = -2*b - l + 45, 4*b - 87 = -5*l. Suppose 4*z + 28 = -4*q, -q + 3*z + z + b = 0. Let r(k) = -3*k**2 + 3*k + 2. Determine r(q).
-16
Let s be (7 + -10)/((-2)/(-4)). Let t(x) = x**2 - 2*x - 7. Let z be t(6). Let u(h) = -8*h + 3. Let n(f) = -23*f + 9. Let c(k) = s*n(k) + z*u(k). Calculate c(4).
5
Let g(s) = s**2 + 1. Suppose 282 = -3*r - i, -126 - 48 = 2*r - 4*i. Let p = r - -93. What is g(p)?
1
Let i(t) be the second derivative of t**3/2 + 31*t**2/2 - 2689*t. Determine i(-9).
4
Let o = 7 - 1. Suppose 5*w - o*w + 3 = 0. Let f(r) = r**2 + 2*r - 202. Let s(g) = -g + 34. Let q(n) = -f(n) - 6*s(n). Determine q(w).
1
Let c(a) be the first derivative of -a**2 + 31*a + 875. Calculate c(13).
5
Suppose 3*r - 4 = 5. Let v(w) = -2 + 4*w**2 - w**3 + 0*w - r*w - 2. Let g(z) = -191*z - 8210. Let i be g(-43). What is v(i)?
-4
Let f be (252/45)/((-4)/(-190)). Suppose -17*x = 28 - f. Suppose -2*t + x = -4*t. Let p(i) = i**3 + 7*i**2 + 3*i + 8. Determine p(t).
-13
Let f(d) = -3*d - 71. Let c(b) = b**3 + 6*b**2 - 15*b + 82. Let k be c(-9). Determine f(k).
7
Let f(i) be the third derivative of 5*i**4/24 + 10*i**3 - i**2 - 34*i. What is f(-11)?
5
Let m(q) = 2*q**3 - 11*q**2 + q + 6. Let r = -436 - -441. Give m(r).
-14
Let k(u) = 26*u + 3. Let r(m) = 43*m + 41. Let l(j) = 3*k(j) - r(j). Give l(1).
3
Let q(v) = 2*v**3 - 2*v**2 + 10*v + 10. Let p(d) = -d**3 + 2*d**2 - 10*d - 8. Let a(r) = 3*p(r) + 2*q(r). Calculate a(-4).
4
Suppose -6*z = -13*z - 91. Let r(j) = j**2 + 7*j + 3. Let n(o) = o**2 + 9*o. Let k(h) = 3*n(h) - 2*r(h). Give k(z).
-6
Let w(p) = 4*p**2 - 207*p + 535. Let n be w(49). Let b(s) = 4*s - 1 - 3 + 5 - 9*s. What is b(n)?
21
Let j(l) = -l + 29. Let o(q) = 29*q + 525. Let k be o(-17). What is j(k)?
-3
Let c(o) = -3*o - 2 - 4*o + 0 + 6 - 3. Let q(m) = 10*m - 1. Let y(a) = 5*c(a) + 4*q(a). What is y(6)?
31
Let p(i) = i + 1. Let u(o) = -1. Let a(w) = w - 3. Let n(h) = -a(h) - 3*u(h). Let t(x) = -n(x) - 2*p(x). Determine t(0).
-8
Let r(b) = -b**2 - 1. Let l(q) = -q**2 + 6*q + 9. Suppose 5*s + 0*s + 29 = -h, h = 5*s + 21. Let f = s - -12. Let z be l(f). Calculate r(z).
-5
Let j(z) = -6*z - 5. Let r(u) = u - 1. Let i(s) = -j(s) - 5*r(s). Suppose -30*v + 14*v - 112 = 0. Determine i(v).
3
Let m(v) = -6*v + 13. Let o(h) = -5*h + 13. Let c(y) = 4*m(y) - 5*o(y). Let g = 51 + -36. Suppose -b + 4*q = 9, 4*b - 3*q - g = 14. What is c(b)?
-2
Let z(u) = 33 + 0*u - 6*u + 4*u + 6*u. Let s be z(-8). Let q(k) = -7*k**3 + k + 96*k**2 - 200*k**2 + 102*k**2. Give q(s).
-8
Let c(o) = 0*o**2 + 32*o - 63*o + 35*o + 4*o**2 - 1. Let f(v) = -3*v**2 - 2*v. Let s(z) = -2*c(z) - 5*f(z). What is s(-1)?
7
Let w(l) = -l + 91*l**2 - 39*l**2 - 2 + 4*l + l**3 - 50*l**2. Calculate w(1).
4
Suppose 0 = -18*v + 332 + 136. Let j(l) = 10*l + 23 - v + 7*l. Determine j(3).
48
Suppose 5*t - 12 - 4 = -h, -t + 5*h = 2. Let z(g) be the third derivative of g**5/60 - 5*g**4/24 - 5*g**3/6 - 1161*g**2. Determine z(t).
-11
Let l(z) = 8*z - 69. Let a be l(8). Let y(b) = 5*b**2 - 4*b**2 + 7 - 2*b + 9*b. What is y(a)?
-3
Let q(n) = -20*n**2 + 3*n + 2. Let s be (-4)/(-6)*(-29)/((-638)/(-33)). Calculate q(s).
-21
Let b(r) be the first derivative of -r**4/4 - r**3 - 7*r**2/2 - 20*r - 1682. What is b(-3)?
1
Let l be (-3)/(-2) - (-2)/4. Let i(w) = 3*w - 1. Let g(b) = -40*b + 16. Let f(s) = g(s) + 13*i(s). Let m(u) = -u. Let t(c) = l*m(c) - f(c). Give t(-4).
1
Let c(u) be the first derivative of -24*u**2 + 101*u + 164. Let f be c(2). Let i(g) = 2*g**2 + 3*g + 2*g**2 - g**3 - 5 + 2*g. Calculate i(f).
-5
Let c(l) = 5*l**2 + 214*l - 22. Let y be c(-43). Let n(g) = -g**3 + 22*g**2 - 22*g + 48. Calculate n(y).
27
Let i(s) = s**2 - 221*s + 12136. Let l be i(102). Suppose 1 = x - 2. Let o(b) = b - x*b**3 - 3*b - b**2 - b**2. Determine o(l).
20
Let r(g) be the third derivative of -3*g**5/20 + 7*g**4/8 - g**3/6 - 18*g**2 - 22*g. Give r(2).
5
Let a(f) = -f**2 - 31*f + 266. Let j be a(7). Suppose -47 = -4*r - 15. Let c(p) = 0*p**2 - p**2 + p**3 - r + 0*p**3. What is c(j)?
-8
Let x(m) be the second derivative of -m**4/6 - 7*m**3/2 - m**2/2 + 15*m - 2. Let f(u) = u**2 + 19*u. Let j(t) = 5*f(t) + 4*x(t). What is j(4)?
-8
Let t(s) = 26*s - 4. Suppose -5*p - 5*f + 20 = 0, 9*f - 11*f = -5*p - 22. Calculate t(p).
-56
Let s(o) = -9*o**2 - 89*o - 9. Suppose -45*f - 325 = -33 + 158. Determine s(f).
-19
Suppose -g + 1 = 3*v, -3*g - 14 = -6*g + 2*v. Suppose -g*b + 12 = -8. Let p(u) = 3 + 124*u - b - 123*u. Determine p(3).
1
Let x = 4665 - 4670. Let b(h) = 8*h + 7. Determine b(x).
-33
Let c(m) = -4*m + 22. Let i(j) = -j**2 - 45*j - 203. Let r be i(-40). Let x(q) = -10*q + 61. Let g(h) = r*x(h) + 8*c(h). Calculate g(-10).
13
Suppose 0 = -n - 3 - 32. Let s = n + 34. Let q be (13 + s)*2/4. Let z(p) = p**3 - 7*p**2 + 4*p + 8. Give z(q).
-4
Let z(o) = -2*o + 30. Let n(b) = 123*b - 845. Let c be n(7). Give z(c).
-2
Let m(k) = k + 2. Let z = -39 + 51. Let h be 64/1 - (-12 + z). Suppose h*f - 9 = 61*f. Calculate m(f).
5
Let m = -18127 - -18130. Let y(w) = -2*w**2 + 10*w - 4. Give y(m).
8
Let j(t) = -t**2 + 46*t + 2. Let h(r) = -r**2 + 39*r + 2. Let f(w) = -7*h(w) + 6*j(w). Let u = 10 - 15. What is f(u)?
8
Let b(j) be the first derivative of 3*j**3 - 15*j**2/2 + 16*j - 7047. What is b(1)?
10
Suppose -28*d + 21 + 17 = -46. Let z(v) = v**2 + 4*v - 10. Give z(d).
11
Let p(q) = 0*q - 1 + 0 + 4*q + q. Suppose 8*y - 3*y = 865. Suppose y*v = 164*v + 36. Give p(v).
19
Let d(s) = -4*s**3 - s**2. Let f(g) = -9*g**3 + 5*g**2 - g - 1. Let u(x) = 4*d(x) + f(x). Give u(-1).
26
Let q(t) = 26*t + 112. Let w(o) = -76*o - 353. Let s(f) = 8*q(f) + 3*w(f). Calculate s(-8).
-3
Let r(a) = -61*a - 3*a**2 + 151*a + 5 + a**2 + 5*a**2 - 2*a**2 - 79*a. Let z be (2/(-6))/(6/198). What is r(z)?
5
Let u(p) be the second derivative of p**5/20 + 3*p**4/4 - p**3/6 + 3*p**2/2 - 631*p. Calculate u(-8).
75
Let x(g) = 3*g - 54. Let k be (-50)/20 + (-833)/(-34). Determine x(k).
12
Let l(f) = -f**3 + 9*f - 15. Let j = 3778 + -3776. Give l(j).
-5
Let k(n) = n**2 + 8*n + 4. Suppose -3*l = -0*i - 2*i - 8, 0 = -3*i + 2*l - 2. Suppose m = -5*c - 2*m - 32, 5*m - 19 = i*c. What is k(c)?
-3
Suppose x - 24 = -3*x. Let c(v) = -3*v**2 + 15*v - 33. Let z(b) = 2*b**2 - 10*b + 21. Let s(y) = 5*c(y) + 8*z(y). Determine s(x).
9
Suppose 0 = 3*i - 0 + 3, 26 = 3*y + i. Let w(d) = 13*d**3 + 18*d**2 + 6*d + 11. Let s(m) = 8*m**3 + 9*m**2 + 3*m + 6. Let n(r) = 5*s(r) - 3*w(r). What is n(y)?
-30
Let h(m) = 11577 - 2893 - 2890 - 2899 - 2897 + 0*m - 4*m. Let j(c) = c**2 - 2*c - 2. Let q be j(-2). Determine h(q).
-26
Let i = -126 + 135. Let g(h) be the first derivative of -h